{"id":1074,"date":"2018-10-18T20:35:01","date_gmt":"2018-10-18T18:35:01","guid":{"rendered":"https:\/\/skyservice.dk\/wordpress\/jmdata\/?page_id=1074"},"modified":"2021-08-25T09:19:13","modified_gmt":"2021-08-25T07:19:13","slug":"microsoft-azure","status":"publish","type":"page","link":"https:\/\/skyservice.dk\/wordpress\/jmdata\/produkter\/microsoft-azure","title":{"rendered":"Microsoft Azure"},"content":{"rendered":"<div class=\"vc_row wpb_row row top-row\"><div class=\"vc_column_container col-md-12\"><div class=\"wpb_wrapper vc_column-inner\">\n\t<div class=\"wpb_text_column wpb_content_element \" >\n\t\t<div class=\"wpb_wrapper\">\n\t\t\t<p>Microsoft Azure er en samling af cloudtjenester i v\u00e6kst, som hj\u00e6lper din organisation med at klare de forretningsm\u00e6ssige udfordringer. Det er friheden til at bygge, administrere og udrulle apps p\u00e5 et massivt og globalt netv\u00e6rk ved hj\u00e6lp af dine yndlingsv\u00e6rkt\u00f8jer og frameworks.<!--more--><\/p>\n<p><strong>Er clouden for alle?<\/strong><br \/>\nMicrosoft mener, at den succes, der kan n\u00e5s med clouden, skal v\u00e6re tilg\u00e6ngelig for alle virksomheder og alle organisationer \u2013 om de er sm\u00e5 eller store, gamle eller nye.<\/p>\n<p><img loading=\"lazy\" decoding=\"async\" class=\"aligncenter wp-image-1121 size-full\" src=\"https:\/\/skyservice.dk\/wordpress\/jmdata\/wp-content\/uploads\/2018\/10\/article_azure.png\" alt=\"\" width=\"840\" height=\"80\" srcset=\"https:\/\/skyservice.dk\/wordpress\/jmdata\/wp-content\/uploads\/2018\/10\/article_azure.png 840w, https:\/\/skyservice.dk\/wordpress\/jmdata\/wp-content\/uploads\/2018\/10\/article_azure-768x73.png 768w, https:\/\/skyservice.dk\/wordpress\/jmdata\/wp-content\/uploads\/2018\/10\/article_azure-367x35.png 367w\" sizes=\"auto, (max-width: 840px) 100vw, 840px\" \/><\/p>\n\n\t\t<\/div>\n\t<\/div>\n<\/div><\/div><\/div><div class=\"vc_row wpb_row row top-row\"><div class=\"vc_column_container col-md-3\"><div class=\"wpb_wrapper vc_column-inner\">\n\t<div class=\"wpb_text_column wpb_content_element \" >\n\t\t<div class=\"wpb_wrapper\">\n\t\t\t<p><strong>Produktiv<\/strong><\/p>\n<p>Reducer marketingcyklusser ved at levere funktioner hurtigere med over 100 end-to-end-tjenester.<\/p>\n\n\t\t<\/div>\n\t<\/div>\n<\/div><\/div><div class=\"vc_column_container col-md-3\"><div class=\"wpb_wrapper vc_column-inner\">\n\t<div class=\"wpb_text_column wpb_content_element \" >\n\t\t<div class=\"wpb_wrapper\">\n\t\t\t<p><strong>Hybrid<\/strong><\/p>\n<p>Udvikl og installer overalt med det eneste konsistente hybride cloudmilj\u00f8 p\u00e5 markedet. Udvid Azure i det lokale milj\u00f8 vha. Azure Stack.<\/p>\n\n\t\t<\/div>\n\t<\/div>\n<\/div><\/div><div class=\"vc_column_container col-md-3\"><div class=\"wpb_wrapper vc_column-inner\">\n\t<div class=\"wpb_text_column wpb_content_element \" >\n\t\t<div class=\"wpb_wrapper\">\n\t\t\t<p><strong>Intelligent<\/strong><\/p>\n<p>Opret intelligente apps vha. effektive data- og AI-tjenester.<\/p>\n\n\t\t<\/div>\n\t<\/div>\n<\/div><\/div><div class=\"vc_column_container col-md-3\"><div class=\"wpb_wrapper vc_column-inner\">\n\t<div class=\"wpb_text_column wpb_content_element \" >\n\t\t<div class=\"wpb_wrapper\">\n\t\t\t<p><strong>P\u00e5lidelig<\/strong><\/p>\n<p>Slut dig til iv\u00e6rks\u00e6ttere, offentlige myndigheder og 95 % af Fortune 500-virksomhederne, der anvender Microsoft Cloud i dag.<\/p>\n\n\t\t<\/div>\n\t<\/div>\n<\/div><\/div><\/div><div class=\"vc_row wpb_row row top-row\"><div class=\"vc_column_container col-md-4\"><div class=\"wpb_wrapper vc_column-inner\">\n\t<div class=\"wpb_text_column wpb_content_element \" >\n\t\t<div class=\"wpb_wrapper\">\n\t\t\t<p><span style=\"font-size: 20px;\"><strong>70+<\/strong><\/span><\/p>\n<p><strong>overholdelse af standarder<\/strong>\u00a0\u2013 den st\u00f8rste portef\u00f8lje i branchen<\/p>\n\n\t\t<\/div>\n\t<\/div>\n<\/div><\/div><div class=\"vc_column_container col-md-4\"><div class=\"wpb_wrapper vc_column-inner\">\n\t<div class=\"wpb_text_column wpb_content_element \" >\n\t\t<div class=\"wpb_wrapper\">\n\t\t\t<p><strong><span style=\"font-size: 20px;\">54<\/span><\/strong><\/p>\n<p><strong>globale Azure-omr\u00e5der<\/strong>\u00a0\u2013 mere end nogen anden cloududbyder<\/p>\n\n\t\t<\/div>\n\t<\/div>\n<\/div><\/div><div class=\"vc_column_container col-md-4\"><div class=\"wpb_wrapper vc_column-inner\">\n\t<div class=\"wpb_text_column wpb_content_element \" >\n\t\t<div class=\"wpb_wrapper\">\n\t\t\t<p><span style=\"font-size: 20px;\"><strong>90%<\/strong><\/span><\/p>\n<p><strong>af Fortune 500-virksomhederne<\/strong>\u00a0har tillid til Microsoft Cloud, n\u00e5r det handler om at drive forretning<\/p>\n\n\t\t<\/div>\n\t<\/div>\n<\/div><\/div><\/div><div class=\"vc_row wpb_row row top-row\"><div class=\"vc_column_container col-md-12\"><div class=\"wpb_wrapper vc_column-inner\">\n\t<div class=\"wpb_text_column wpb_content_element \" >\n\t\t<div class=\"wpb_wrapper\">\n\t\t\t<p>Ring venligst p\u00e5 tlf.nr. 3049 7257 eller skriv til <a href=\"mailto:salg@jmdata.dk\">salg@jmdata.dk<\/a>\u00a0for n\u00e6rmere information.<\/p>\n\n\t\t<\/div>\n\t<\/div>\n<\/div><\/div><\/div>\n","protected":false},"excerpt":{"rendered":"<p>Microsoft Azure er en samling af cloudtjenester i v\u00e6kst, som hj\u00e6lper din organisation med at klare de forretningsm\u00e6ssige udfordringer. Det er friheden til at bygge, administrere og udrulle apps p\u00e5 et massivt og globalt netv\u00e6rk ved hj\u00e6lp af dine yndlingsv\u00e6rkt\u00f8jer og frameworks.<\/p>\n","protected":false},"author":3,"featured_media":0,"parent":454,"menu_order":4,"comment_status":"closed","ping_status":"closed","template":"","meta":{"footnotes":""},"categories":[17],"tags":[28,42,82],"class_list":["post-1074","page","type-page","status-publish","hentry","category-produkter","tag-azure","tag-cloud","tag-hosting"],"_links":{"self":[{"href":"https:\/\/skyservice.dk\/wordpress\/jmdata\/wp-json\/wp\/v2\/pages\/1074","targetHints":{"allow":["GET"]}}],"collection":[{"href":"https:\/\/skyservice.dk\/wordpress\/jmdata\/wp-json\/wp\/v2\/pages"}],"about":[{"href":"https:\/\/skyservice.dk\/wordpress\/jmdata\/wp-json\/wp\/v2\/types\/page"}],"author":[{"embeddable":true,"href":"https:\/\/skyservice.dk\/wordpress\/jmdata\/wp-json\/wp\/v2\/users\/3"}],"replies":[{"embeddable":true,"href":"https:\/\/skyservice.dk\/wordpress\/jmdata\/wp-json\/wp\/v2\/comments?post=1074"}],"version-history":[{"count":13,"href":"https:\/\/skyservice.dk\/wordpress\/jmdata\/wp-json\/wp\/v2\/pages\/1074\/revisions"}],"predecessor-version":[{"id":1647,"href":"https:\/\/skyservice.dk\/wordpress\/jmdata\/wp-json\/wp\/v2\/pages\/1074\/revisions\/1647"}],"up":[{"embeddable":true,"href":"https:\/\/skyservice.dk\/wordpress\/jmdata\/wp-json\/wp\/v2\/pages\/454"}],"wp:attachment":[{"href":"https:\/\/skyservice.dk\/wordpress\/jmdata\/wp-json\/wp\/v2\/media?parent=1074"}],"wp:term":[{"taxonomy":"category","embeddable":true,"href":"https:\/\/skyservice.dk\/wordpress\/jmdata\/wp-json\/wp\/v2\/categories?post=1074"},{"taxonomy":"post_tag","embeddable":true,"href":"https:\/\/skyservice.dk\/wordpress\/jmdata\/wp-json\/wp\/v2\/tags?post=1074"}],"curies":[{"name":"wp","href":"https:\/\/api.w.org\/{rel}","templated":true}]}}