{"id":1310,"date":"2019-05-17T18:10:21","date_gmt":"2019-05-17T16:10:21","guid":{"rendered":"https:\/\/skyservice.dk\/wordpress\/jmdata\/?page_id=1310"},"modified":"2023-06-28T20:12:02","modified_gmt":"2023-06-28T18:12:02","slug":"brugeroprettelse-minus-ftx","status":"publish","type":"page","link":"https:\/\/skyservice.dk\/wordpress\/jmdata\/kunder\/brugeroprettelse-minus-ftx","title":{"rendered":"Brugeroprettelse (Minus\/FTX)"},"content":{"rendered":"\n\n<div class=\"wpcf7 no-js\" id=\"wpcf7-f1309-o1\" lang=\"da-DK\" dir=\"ltr\" data-wpcf7-id=\"1309\">\n<div class=\"screen-reader-response\"><p role=\"status\" aria-live=\"polite\" aria-atomic=\"true\"><\/p> <ul><\/ul><\/div>\n<form action=\"\/wordpress\/jmdata\/wp-json\/wp\/v2\/pages\/1310#wpcf7-f1309-o1\" method=\"post\" class=\"wpcf7-form init\" aria-label=\"Kontaktformular\" enctype=\"multipart\/form-data\" novalidate=\"novalidate\" data-status=\"init\">\n<fieldset class=\"hidden-fields-container\"><input type=\"hidden\" name=\"_wpcf7\" value=\"1309\" \/><input type=\"hidden\" name=\"_wpcf7_version\" value=\"6.1.5\" \/><input type=\"hidden\" name=\"_wpcf7_locale\" value=\"da_DK\" \/><input type=\"hidden\" name=\"_wpcf7_unit_tag\" value=\"wpcf7-f1309-o1\" \/><input type=\"hidden\" name=\"_wpcf7_container_post\" value=\"0\" \/><input type=\"hidden\" name=\"_wpcf7_posted_data_hash\" value=\"\" \/>\n<\/fieldset>\n<p><label> <b>Fulde navn<\/b> (skal udfyldes)<br \/>\n<span class=\"wpcf7-form-control-wrap\" data-name=\"full-name\"><input size=\"40\" maxlength=\"400\" class=\"wpcf7-form-control wpcf7-text wpcf7-validates-as-required\" aria-required=\"true\" aria-invalid=\"false\" value=\"\" type=\"text\" name=\"full-name\" \/><\/span> <\/label>\n<\/p>\n<p><label> <b>Initialer<\/b> (skal udfyldes)<br \/>\n<span class=\"wpcf7-form-control-wrap\" data-name=\"user-name\"><input size=\"40\" maxlength=\"20\" minlength=\"2\" class=\"wpcf7-form-control wpcf7-text wpcf7-validates-as-required\" aria-required=\"true\" aria-invalid=\"false\" value=\"\" type=\"text\" name=\"user-name\" \/><\/span> <\/label>\n<\/p>\n<p><label> <b>Job funktion<\/b> (skal udfyldes)<br \/>\n<span class=\"wpcf7-form-control-wrap\" data-name=\"user-func\"><input size=\"40\" maxlength=\"400\" class=\"wpcf7-form-control wpcf7-text wpcf7-validates-as-required\" aria-required=\"true\" aria-invalid=\"false\" value=\"\" type=\"text\" name=\"user-func\" \/><\/span> <\/label>\n<\/p>\n<p><label> <b>Dato for job start<\/b> (skal udfyldes)<br \/>\n<span class=\"wpcf7-form-control-wrap\" data-name=\"start-date\"><input class=\"wpcf7-form-control wpcf7-date wpcf7-validates-as-required wpcf7-validates-as-date\" aria-required=\"true\" aria-invalid=\"false\" value=\"\" type=\"date\" name=\"start-date\" \/><\/span> <\/label>\n<\/p>\n<p><label> <b>Prim\u00e6r e-mail adresse<\/b> (skal udfyldes) <\/label><br \/>\n<span class=\"wpcf7-form-control-wrap\" data-name=\"primary-email\"><span class=\"wpcf7-form-control wpcf7-checkbox wpcf7-validates-as-required\"><span class=\"wpcf7-list-item first\"><input type=\"checkbox\" name=\"primary-email[]\" value=\"minus.dk\" \/><span class=\"wpcf7-list-item-label\">minus.dk<\/span><\/span><span class=\"wpcf7-list-item\"><input type=\"checkbox\" name=\"primary-email[]\" value=\"friendtex.dk\" \/><span class=\"wpcf7-list-item-label\">friendtex.dk<\/span><\/span><span class=\"wpcf7-list-item\"><input type=\"checkbox\" name=\"primary-email[]\" value=\"whiteandmore.dk\" \/><span class=\"wpcf7-list-item-label\">whiteandmore.dk<\/span><\/span><span class=\"wpcf7-list-item\"><input type=\"checkbox\" name=\"primary-email[]\" value=\"peppercorn.dk\" \/><span class=\"wpcf7-list-item-label\">peppercorn.dk<\/span><\/span><span class=\"wpcf7-list-item last\"><input type=\"checkbox\" name=\"primary-email[]\" value=\"desires.dk\" \/><span class=\"wpcf7-list-item-label\">desires.dk<\/span><\/span><\/span><\/span>\n<\/p>\n<p><label> <b>Evt. anden prim\u00e6r e-mail adresse<\/b>, s\u00e5som friendtex.com eller anden<br \/>\n<span class=\"wpcf7-form-control-wrap\" data-name=\"primary-alternative\"><input size=\"40\" maxlength=\"400\" class=\"wpcf7-form-control wpcf7-text\" aria-invalid=\"false\" value=\"\" type=\"text\" name=\"primary-alternative\" \/><\/span> <\/label>\n<\/p>\n<p><label> <b>Sekund\u00e6r e-mail adresse<\/b> <\/label><br \/>\n<span class=\"wpcf7-form-control-wrap\" data-name=\"secondary-email\"><span class=\"wpcf7-form-control wpcf7-checkbox\"><span class=\"wpcf7-list-item first\"><input type=\"checkbox\" name=\"secondary-email[]\" value=\"minus.dk\" \/><span class=\"wpcf7-list-item-label\">minus.dk<\/span><\/span><span class=\"wpcf7-list-item\"><input type=\"checkbox\" name=\"secondary-email[]\" value=\"friendtex.dk\" \/><span class=\"wpcf7-list-item-label\">friendtex.dk<\/span><\/span><span class=\"wpcf7-list-item\"><input type=\"checkbox\" name=\"secondary-email[]\" value=\"whiteandmore.dk\" \/><span class=\"wpcf7-list-item-label\">whiteandmore.dk<\/span><\/span><span class=\"wpcf7-list-item\"><input type=\"checkbox\" name=\"secondary-email[]\" value=\"peppercorn.dk\" \/><span class=\"wpcf7-list-item-label\">peppercorn.dk<\/span><\/span><span class=\"wpcf7-list-item last\"><input type=\"checkbox\" name=\"secondary-email[]\" value=\"desires.dk\" \/><span class=\"wpcf7-list-item-label\">desires.dk<\/span><\/span><\/span><\/span>\n<\/p>\n<p><label> <b>Evt. anden sekund\u00e6r e-mail adresse<\/b>, s\u00e5som friendtex.com eller anden<br \/>\n<span class=\"wpcf7-form-control-wrap\" data-name=\"secondary-alternative\"><input size=\"40\" maxlength=\"400\" class=\"wpcf7-form-control wpcf7-text\" aria-invalid=\"false\" value=\"\" type=\"text\" name=\"secondary-alternative\" \/><\/span> <\/label>\n<\/p>\n<p><label> <b>Office 365 licens<\/b> (skal udfyldes) <\/label><br \/>\n<span class=\"wpcf7-form-control-wrap\" data-name=\"office-365\"><span class=\"wpcf7-form-control wpcf7-checkbox wpcf7-validates-as-required\"><span class=\"wpcf7-list-item first\"><input type=\"checkbox\" name=\"office-365[]\" value=\"Exchange Online Plan 1 (kun postkasse - kr. 25,20 pr. md.)\" \/><span class=\"wpcf7-list-item-label\">Exchange Online Plan 1 (kun postkasse - kr. 25,20 pr. md.)<\/span><\/span><span class=\"wpcf7-list-item last\"><input type=\"checkbox\" name=\"office-365[]\" value=\"Office 365 Business Premium (postkasse + \n    Office pakke - kr. 78,70 pr. md.)\" \/><span class=\"wpcf7-list-item-label\">Office 365 Business Premium (postkasse + \n    Office pakke - kr. 78,70 pr. md.)<\/span><\/span><\/span><\/span>\n<\/p>\n<p><label> <b>Navision adgang<\/b> (skal udfyldes) <\/label><br \/>\n<span class=\"wpcf7-form-control-wrap\" data-name=\"navision-access\"><span class=\"wpcf7-form-control wpcf7-checkbox wpcf7-validates-as-required\"><span class=\"wpcf7-list-item first\"><input type=\"checkbox\" name=\"navision-access[]\" value=\"Ja\" \/><span class=\"wpcf7-list-item-label\">Ja<\/span><\/span><span class=\"wpcf7-list-item last\"><input type=\"checkbox\" name=\"navision-access[]\" value=\"Nej\" \/><span class=\"wpcf7-list-item-label\">Nej<\/span><\/span><\/span><\/span>\n<\/p>\n<p><label> Hvis ja til Navision, hvilke rettigheder (kopiere fra eksisterende bruger - hvem?)<br \/>\n<span class=\"wpcf7-form-control-wrap\" data-name=\"if-yes-nav\"><input size=\"40\" maxlength=\"400\" class=\"wpcf7-form-control wpcf7-text\" aria-invalid=\"false\" value=\"\" type=\"text\" name=\"if-yes-nav\" \/><\/span> <\/label>\n<\/p>\n<p><label> <b>Hvilke netv\u00e6rksadgange<\/b> <\/label><br \/>\n<span class=\"wpcf7-form-control-wrap\" data-name=\"network-access\"><span class=\"wpcf7-form-control wpcf7-checkbox\"><span class=\"wpcf7-list-item first\"><input type=\"checkbox\" name=\"network-access[]\" value=\"Administration = F\" \/><span class=\"wpcf7-list-item-label\">Administration = F<\/span><\/span><span class=\"wpcf7-list-item\"><input type=\"checkbox\" name=\"network-access[]\" value=\"Purchase = I\" \/><span class=\"wpcf7-list-item-label\">Purchase = I<\/span><\/span><span class=\"wpcf7-list-item\"><input type=\"checkbox\" name=\"network-access[]\" value=\"Finance = O\" \/><span class=\"wpcf7-list-item-label\">Finance = O<\/span><\/span><span class=\"wpcf7-list-item\"><input type=\"checkbox\" name=\"network-access[]\" value=\"Friendtex = P\" \/><span class=\"wpcf7-list-item-label\">Friendtex = P<\/span><\/span><span class=\"wpcf7-list-item\"><input type=\"checkbox\" name=\"network-access[]\" value=\"Sales = S\" \/><span class=\"wpcf7-list-item-label\">Sales = S<\/span><\/span><span class=\"wpcf7-list-item\"><input type=\"checkbox\" name=\"network-access[]\" value=\"PD = X\" \/><span class=\"wpcf7-list-item-label\">PD = X<\/span><\/span><span class=\"wpcf7-list-item\"><input type=\"checkbox\" name=\"network-access[]\" value=\"Marketing = Y\" \/><span class=\"wpcf7-list-item-label\">Marketing = Y<\/span><\/span><span class=\"wpcf7-list-item last\"><input type=\"checkbox\" name=\"network-access[]\" value=\"Design = Z\" \/><span class=\"wpcf7-list-item-label\">Design = Z<\/span><\/span><\/span><\/span>\n<\/p>\n<p><label> <b>VPN adgang<\/b> <\/label><br \/>\n<span class=\"wpcf7-form-control-wrap\" data-name=\"vpn-access\"><span class=\"wpcf7-form-control wpcf7-checkbox\"><span class=\"wpcf7-list-item first\"><input type=\"checkbox\" name=\"vpn-access[]\" value=\"Ja\" \/><span class=\"wpcf7-list-item-label\">Ja<\/span><\/span><span class=\"wpcf7-list-item last\"><input type=\"checkbox\" name=\"vpn-access[]\" value=\"Nej\" \/><span class=\"wpcf7-list-item-label\">Nej<\/span><\/span><\/span><\/span>\n<\/p>\n<p><label> <b>Evt. indk\u00f8b af udstyr<\/b> <\/label><br \/>\n<span class=\"wpcf7-form-control-wrap\" data-name=\"hardware-buy\"><span class=\"wpcf7-form-control wpcf7-checkbox\"><span class=\"wpcf7-list-item first\"><input type=\"checkbox\" name=\"hardware-buy[]\" value=\"Laptop\" \/><span class=\"wpcf7-list-item-label\">Laptop<\/span><\/span><span class=\"wpcf7-list-item\"><input type=\"checkbox\" name=\"hardware-buy[]\" value=\"Desktop\" \/><span class=\"wpcf7-list-item-label\">Desktop<\/span><\/span><span class=\"wpcf7-list-item\"><input type=\"checkbox\" name=\"hardware-buy[]\" value=\"Monitor\" \/><span class=\"wpcf7-list-item-label\">Monitor<\/span><\/span><span class=\"wpcf7-list-item\"><input type=\"checkbox\" name=\"hardware-buy[]\" value=\"Tastatur\" \/><span class=\"wpcf7-list-item-label\">Tastatur<\/span><\/span><span class=\"wpcf7-list-item last\"><input type=\"checkbox\" name=\"hardware-buy[]\" value=\"Mus\" \/><span class=\"wpcf7-list-item-label\">Mus<\/span><\/span><\/span><\/span>\n<\/p>\n<p><label> <b>Dit navn<\/b> (skal udfyldes)<br \/>\n<span class=\"wpcf7-form-control-wrap\" data-name=\"your-name\"><input size=\"40\" maxlength=\"400\" class=\"wpcf7-form-control wpcf7-text wpcf7-validates-as-required\" aria-required=\"true\" aria-invalid=\"false\" value=\"\" type=\"text\" name=\"your-name\" \/><\/span> <\/label>\n<\/p>\n<p><label> <b>Din e-mail<\/b> (skal udfyldes)<br \/>\n<span class=\"wpcf7-form-control-wrap\" data-name=\"your-email\"><input size=\"40\" maxlength=\"400\" class=\"wpcf7-form-control wpcf7-email wpcf7-validates-as-required wpcf7-text wpcf7-validates-as-email\" aria-required=\"true\" aria-invalid=\"false\" value=\"\" type=\"email\" name=\"your-email\" \/><\/span> <\/label>\n<\/p>\n<p><label> <b>Evt. yderligere oplysninger<\/b><br \/>\n<span class=\"wpcf7-form-control-wrap\" data-name=\"your-message\"><textarea cols=\"40\" rows=\"10\" maxlength=\"2000\" class=\"wpcf7-form-control wpcf7-textarea\" aria-invalid=\"false\" name=\"your-message\"><\/textarea><\/span> <\/label>\n<\/p>\n<p><label> <b>Vedh\u00e6ft filer<\/b><br \/>\n<div id=\"mfcf7_zl_multifilecontainer\"><span class=\"mfcf7-zl-multiline-sample\" style=\"display:none\"><p class=\"wpcf7-form-control-wrap multilinefile-488\"><input size=\"40\" class=\"wpcf7-form-control wpcf7-multilinefile\" multiple=\"multiple\" value=\"Vedh\u00e6ft\" aria-invalid=\"false\" type=\"file\" name=\"multilinefile-488[]\" \/> <span class=\"mfcf7-zl-multifile-name\"><\/span><a href=\"javascript:void(0);\" class=\"mfcf7_zl_delete_file\"><span class=\"delete-file\" aria-hidden=\"true\">&#x274C;<\/span><\/a><\/p><\/span><\/div><span class=\"wpcf7-form-control-wrap zl-form-control-wrap multilinefile-488\"><input size=\"40\" class=\"wpcf7-form-control wpcf7-multilinefile\" multiple=\"multiple\" value=\"Vedh\u00e6ft\" aria-invalid=\"false\" type=\"file\" name=\"multilinefile-488[]\" \/> <span class=\"mfcf7-zl-multifile-name\"><\/span><a href=\"javascript:void(0);\" class=\"mfcf7_zl_delete_file\"><span class=\"delete-file\" aria-hidden=\"true\">&#x274C;<\/span><\/a><\/span><p><label><span class=\"wpcf7-form-control-wrap\" data-name=\"multilinefile-488-zl-mfcf7-upld-btn\"><input type=\"button\" name=\"multilinefile-488-zl-mfcf7-upld-btn\" class=\"button button-primary qbutton\" id=\"mfcf7_zl_add_file\" value=\"Vedh\u00e6ft\"><\/span><\/label><\/p><br \/>\n<span class=\"wpcf7-form-control-wrap\" data-name=\"acceptance-402\"><span class=\"wpcf7-form-control wpcf7-acceptance\"><span class=\"wpcf7-list-item\"><label><input type=\"checkbox\" name=\"acceptance-402\" value=\"1\" aria-invalid=\"false\" \/><span class=\"wpcf7-list-item-label\">Hermed godkendelse af ovenst\u00e5ende<\/span><\/label><\/span><\/span><\/span><br \/>\n<input class=\"wpcf7-form-control wpcf7-submit has-spinner\" type=\"submit\" value=\"Send\" \/><br \/>\n<i>Du f\u00e5r pr. automatik en kopi af den fremsendte besked.<\/i><\/label>\n<\/p><p style=\"display: none !important;\" class=\"akismet-fields-container\" data-prefix=\"_wpcf7_ak_\"><label>&#916;<textarea name=\"_wpcf7_ak_hp_textarea\" cols=\"45\" rows=\"8\" maxlength=\"100\"><\/textarea><\/label><input type=\"hidden\" id=\"ak_js_1\" name=\"_wpcf7_ak_js\" value=\"31\"\/><script>document.getElementById( \"ak_js_1\" ).setAttribute( \"value\", ( new Date() ).getTime() );<\/script><\/p><input type='hidden' class='wpcf7-pum' value='{\"closepopup\":false,\"closedelay\":0,\"openpopup\":false,\"openpopup_id\":0}' \/><div class=\"wpcf7-response-output\" aria-hidden=\"true\"><\/div>\n<\/form>\n<\/div>\n\n","protected":false},"excerpt":{"rendered":"Fulde navn (skal udfyldes) Initialer (skal udfyldes) Job funktion (skal udfyldes) Dato for job start (skal udfyldes) Prim\u00e6r e-mail adresse (skal udfyldes) minus.dkfriendtex.dkwhiteandmore.dkpeppercorn.dkdesires.dk Evt. anden prim\u00e6r e-mail adresse, s\u00e5som friendtex.com eller anden Sekund\u00e6r e-mail adresse minus.dkfriendtex.dkwhiteandmore.dkpeppercorn.dkdesires.dk Evt. anden sekund\u00e6r e-mail adresse, s\u00e5som friendtex.com eller anden Office 365 licens (skal udfyldes) Exchange Online Plan 1 (kun [...]","protected":false},"author":3,"featured_media":0,"parent":1312,"menu_order":0,"comment_status":"closed","ping_status":"closed","template":"","meta":{"footnotes":""},"categories":[57],"tags":[],"class_list":["post-1310","page","type-page","status-publish","hentry","category-kunder"],"_links":{"self":[{"href":"https:\/\/skyservice.dk\/wordpress\/jmdata\/wp-json\/wp\/v2\/pages\/1310","targetHints":{"allow":["GET"]}}],"collection":[{"href":"https:\/\/skyservice.dk\/wordpress\/jmdata\/wp-json\/wp\/v2\/pages"}],"about":[{"href":"https:\/\/skyservice.dk\/wordpress\/jmdata\/wp-json\/wp\/v2\/types\/page"}],"author":[{"embeddable":true,"href":"https:\/\/skyservice.dk\/wordpress\/jmdata\/wp-json\/wp\/v2\/users\/3"}],"replies":[{"embeddable":true,"href":"https:\/\/skyservice.dk\/wordpress\/jmdata\/wp-json\/wp\/v2\/comments?post=1310"}],"version-history":[{"count":1,"href":"https:\/\/skyservice.dk\/wordpress\/jmdata\/wp-json\/wp\/v2\/pages\/1310\/revisions"}],"predecessor-version":[{"id":1311,"href":"https:\/\/skyservice.dk\/wordpress\/jmdata\/wp-json\/wp\/v2\/pages\/1310\/revisions\/1311"}],"up":[{"embeddable":true,"href":"https:\/\/skyservice.dk\/wordpress\/jmdata\/wp-json\/wp\/v2\/pages\/1312"}],"wp:attachment":[{"href":"https:\/\/skyservice.dk\/wordpress\/jmdata\/wp-json\/wp\/v2\/media?parent=1310"}],"wp:term":[{"taxonomy":"category","embeddable":true,"href":"https:\/\/skyservice.dk\/wordpress\/jmdata\/wp-json\/wp\/v2\/categories?post=1310"},{"taxonomy":"post_tag","embeddable":true,"href":"https:\/\/skyservice.dk\/wordpress\/jmdata\/wp-json\/wp\/v2\/tags?post=1310"}],"curies":[{"name":"wp","href":"https:\/\/api.w.org\/{rel}","templated":true}]}}